                                        {"id":48,"date":"2026-04-28T16:02:14","date_gmt":"2026-04-28T14:02:14","guid":{"rendered":"https:\/\/symuf.org\/?page_id=48"},"modified":"2026-04-28T16:02:14","modified_gmt":"2026-04-28T14:02:14","slug":"a-propos","status":"publish","type":"page","link":"https:\/\/symuf.org\/index.php\/a-propos\/","title":{"rendered":"A propos"},"content":{"rendered":"\n<h2 class=\"wp-block-heading\">SYMUF&#8230; ?<\/h2>\n\n\n\n<p>La Synergie des M\u00e9dias Pour l\u2019Union des Forces (SYMUF-MAISON DE LA PRESSE), un r\u00e9seau des m\u00e9dias qui accompagne les m\u00e9dias, journalistes et Organisations de la Soci\u00e9t\u00e9 Civile au tour de la ligne \u00e9ditoriale d\u2019informer pour restaurer la paix sociale et promouvoir les droits humains. Cr\u00e9\u00e9e depuis le 07 juin 2011 \u00e0 l\u2019initiative d\u2019<strong>Aubert MWIBAKECA<\/strong>, visionnaire, la SYMUF est en m\u00eame temps une MAISON DE LA PRESSE au service de l\u2019ensemble des membres des communaut\u00e9s.<\/p>\n\n\n\n<p><strong>Avec pour vision :<\/strong><\/p>\n\n\n\n<p>Un monde pacifi\u00e9 o\u00f9 toutes les cat\u00e9gories sociales jouissent pleinement de leurs droits gr\u00e2ce au travail de m\u00e9dias professionnels et sensibles&nbsp;aux&nbsp;conflits<\/p>\n\n\n\n<figure class=\"wp-block-image size-large\"><img loading=\"lazy\" decoding=\"async\" width=\"1080\" height=\"608\" src=\"https:\/\/symuf.org\/wp-content\/uploads\/2026\/04\/Bureau-SYMUF-Uvira-edited.jpeg\" alt=\"\" class=\"wp-image-50\" srcset=\"https:\/\/symuf.org\/wp-content\/uploads\/2026\/04\/Bureau-SYMUF-Uvira-edited.jpeg 1080w, https:\/\/symuf.org\/wp-content\/uploads\/2026\/04\/Bureau-SYMUF-Uvira-edited-300x169.jpeg 300w, https:\/\/symuf.org\/wp-content\/uploads\/2026\/04\/Bureau-SYMUF-Uvira-edited-1024x576.jpeg 1024w, https:\/\/symuf.org\/wp-content\/uploads\/2026\/04\/Bureau-SYMUF-Uvira-edited-768x432.jpeg 768w\" sizes=\"auto, (max-width: 1080px) 100vw, 1080px\" \/><figcaption class=\"wp-element-caption\">Bureau SYMUF Uvira &#8211; R\u00e9p. Dem. du Congo<\/figcaption><\/figure>\n\n\n\n<h2 class=\"wp-block-heading\">Rayon d&#8217;action<\/h2>\n\n\n\n<p>Le rayon d\u2019action de la SYMUF se situe en Afrique o\u00f9 ses actions se focalisent \u00e0 l\u2019Est de la RDC, au Burundi et au Malawi. Selon les besoins, elle peut aussi exercer des activit\u00e9s partout ailleurs en dehors du continent Africain.<\/p>\n\n\n\n<p>Actuellement, la SYMUF agit :<\/p>\n\n\n\n<p>En <strong>R\u00e9p. Dem. du Congo<\/strong> : \u00e0 (1)Uvira, o\u00f9 se situe le si\u00e8ge; \u00e0 (2)Bukavu et \u00e0 (3)Baraka.<\/p>\n\n\n\n<p>Au <strong>Malawi<\/strong> , Uganda et\u00a0<strong>Burundi<\/strong>.<\/p>\n\n\n\n<div class=\"wp-block-cover has-custom-content-position is-position-bottom-center\"><img loading=\"lazy\" decoding=\"async\" width=\"1080\" height=\"607\" class=\"wp-block-cover__image-background wp-image-52\" alt=\"\" src=\"https:\/\/symuf.org\/wp-content\/uploads\/2026\/04\/SYMUF-Kampala-2-edited.jpeg\" data-object-fit=\"cover\" srcset=\"https:\/\/symuf.org\/wp-content\/uploads\/2026\/04\/SYMUF-Kampala-2-edited.jpeg 1080w, https:\/\/symuf.org\/wp-content\/uploads\/2026\/04\/SYMUF-Kampala-2-edited-300x169.jpeg 300w, https:\/\/symuf.org\/wp-content\/uploads\/2026\/04\/SYMUF-Kampala-2-edited-1024x576.jpeg 1024w, https:\/\/symuf.org\/wp-content\/uploads\/2026\/04\/SYMUF-Kampala-2-edited-768x432.jpeg 768w\" sizes=\"auto, (max-width: 1080px) 100vw, 1080px\" \/><span aria-hidden=\"true\" class=\"wp-block-cover__background has-background-dim\"><\/span><div class=\"wp-block-cover__inner-container is-layout-flow wp-block-cover-is-layout-flow\">\n<p class=\"has-text-align-center has-large-font-size\"><mark style=\"background-color:rgba(0, 0, 0, 0)\" class=\"has-inline-color has-cyan-bluish-gray-color\">D\u00e9bat entre \u00e9tudiants \u00e0 Kampala<\/mark><\/p>\n<\/div><\/div>\n\n\n\n<h2 class=\"wp-block-heading\">Mission<\/h2>\n\n\n\n<p>Accompagner les m\u00e9dias, journalistes et partenaires de la soci\u00e9t\u00e9 civile \u00e0 contribuer \u00e0 la restauration d\u2019une paix durable et \u00e0 la promotion des droits humains.<\/p>\n\n\n\n<h2 class=\"wp-block-heading\">Objectifs institutionnels<\/h2>\n\n\n\n<p>La SYMUF-MAISON DE LA PRESSE poursuit les objectifs suivants:<br>\u2013 Renforcer les capacit\u00e9s professionnelles des organes de presse, des journalistes ;<br>\u2013 Promouvoir la libert\u00e9 d\u2019expression et de la presse en d\u00e9fendant les m\u00e9dias et journalistes endifficult\u00e9s inh\u00e9rentes \u00e0 la profession ;<br>\u2013 Servir d\u2019un cadre d\u2019accompagnement des ONGs de la soci\u00e9t\u00e9 civile dans l\u2019approche m\u00e9dia etstrat\u00e9gie de communication ;<br>\u2013 Appuyer et accompagner les m\u00e9dias et les journalistes ;<br>\u2013 Promouvoir les activit\u00e9s ayant trait \u00e0 la paix, au d\u00e9veloppement, \u00e0 la bonne gouvernance etaux droits humains ;<br>\u2013 Promouvoir le dialogue entre diff\u00e9rentes couches sociales pour une paix durable ;<br>\u2013 Servir de cadre de n\u00e9gociation et de facilitation entre les m\u00e9dias \/ journalistes et diff\u00e9rentspartenaires locaux, r\u00e9gionaux et internationaux.<\/p>\n\n\n\n<figure class=\"wp-block-image size-large\"><img loading=\"lazy\" decoding=\"async\" width=\"1024\" height=\"683\" src=\"https:\/\/symuf.org\/wp-content\/uploads\/2026\/04\/enligne-jour4-24-1-1024x683.jpg\" alt=\"\" class=\"wp-image-53\" srcset=\"https:\/\/symuf.org\/wp-content\/uploads\/2026\/04\/enligne-jour4-24-1-1024x683.jpg 1024w, https:\/\/symuf.org\/wp-content\/uploads\/2026\/04\/enligne-jour4-24-1-300x200.jpg 300w, https:\/\/symuf.org\/wp-content\/uploads\/2026\/04\/enligne-jour4-24-1-768x512.jpg 768w, https:\/\/symuf.org\/wp-content\/uploads\/2026\/04\/enligne-jour4-24-1-1536x1024.jpg 1536w, https:\/\/symuf.org\/wp-content\/uploads\/2026\/04\/enligne-jour4-24-1-2048x1365.jpg 2048w\" sizes=\"auto, (max-width: 1024px) 100vw, 1024px\" \/><\/figure>\n\n\n\n<h2 class=\"wp-block-heading\">Domaines<\/h2>\n\n\n\n<p>Paix &#8212; Droits humains &#8212; Leadership et bonne gouvernance &#8212; Communication<\/p>\n\n\n\n<h2 class=\"wp-block-heading\">Valeurs<\/h2>\n\n\n\n<p>La SYMUF s\u2019appuie sur les valeurs fondamentales ci-apr\u00e8s :L\u2019int\u00e9grit\u00e9<strong><em>, <\/em><\/strong>la transparence<strong><em>, <\/em><\/strong>la tol\u00e9rance et la non-violence.<\/p>\n\n\n\n<h2 class=\"wp-block-heading\">Groupe cible<\/h2>\n\n\n\n<p>Les m\u00e9dias, journalistes, les <em>m\u00e9dias, <\/em><strong>ONGs<\/strong> de la Soci\u00e9t\u00e9 civile et les communaut\u00e9s. <strong>Strat\u00e9gies d\u2019intervention :<\/strong> Travail en synergie, formation et information, Plaidoyer etlobbying, accompagnement, contacts, \u00e9change d\u2019exp\u00e9rience<em>, <\/em>r\u00e9unions.<\/p>\n\n\n\n<h2 class=\"wp-block-heading\">Les Membres<\/h2>\n\n\n\n<p>Sont des personnes morales (m\u00e9dias) et physiques (journalistes) \u0153uvrant autour de la ligne \u00e9ditoriale d\u2019informer pour restaurer la paix sociale et promouvoir les droits humains.18. Organes de la SYMUF : La SYMUF est compos\u00e9 de 4 organes \u00e0 savoir : l\u2019Assembl\u00e9e G\u00e9n\u00e9rale, le Conseil d\u2019Administration, la Commission de contr\u00f4le et la Coordination. La Coordination est appuy\u00e9e par 2 D\u00e9partements qui comprennent \u00e0 leur sein des services \u00e0 savoir :<br>\u00b7 <strong><em>Le D\u00e9partement de programmes : <\/em><\/strong>qui comprend les services de productions, de R\u00e9daction, Service Genre, Centre de Formation et de Recherche pour les M\u00e9dias (CFRM),le service de suivi-\u00e9valuation, le service de monitoring des cas d\u2019atteinte \u00e0 la libert\u00e9 de la presse, et tous les bureaux de terrain.<br>\u00b7<em><strong> Le D\u00e9partement d\u2019Administration et finances :<\/strong><\/em> qui comprend le service de Comptabilit\u00e9 et le service de logistique.<\/p>\n\n\n\n<p>Pour renforcer au quotidien leur professionnalisme, les membres de la Coordination sont encourag\u00e9s \u00e0 \u00eatre aussi actifs dans les organes de presse membres du r\u00e9seau pendant les heures qui n\u2019emp\u00eachent pas le bon d\u00e9roulement de travail.<\/p>\n\n\n\n<h2 class=\"wp-block-heading\">Activit\u00e9s de la SYMUF &#8211; MAISON DE LA PRESSE<\/h2>\n\n\n\n<ul class=\"wp-block-list\">\n<li>Formations \/ renforcement des capacit\u00e9s des journalistes et des acteurs de la soci\u00e9t\u00e9 civile ;<\/li>\n\n\n\n<li>Appui technique et financier aux m\u00e9dias et journalistes ;<\/li>\n\n\n\n<li>Productions m\u00e9dia en synergie (\u00e9missions publiques, tables rondes, reportages, magazine, spots, sketchs,\u00e9dition du journal, films documentaires, etc.) sensibles au conflit, sur la bonne gouvernance, et d\u2019autres th\u00e9matiques ;<\/li>\n\n\n\n<li>Offre de r\u00e9seau sans fil (wifi) gratuit \u00e0 tous les journalistes pr\u00e9sents dans la zone ;<\/li>\n\n\n\n<li>Un centre de Formation et de Recherche pour les m\u00e9dias (CFRM) pour des formations continues en journalisme, la navigation gratuite \u00e0 l\u2019internet pour tout journaliste \u0153uvrant ou en s\u00e9jour dans la zone ;<\/li>\n\n\n\n<li>Journal hebdomadaire de la synergie ;<\/li>\n\n\n\n<li>Tribune mensuelle de la SYMUF ;<\/li>\n\n\n\n<li>Monitoring et reporting des cas d\u2019atteinte \u00e0 la libert\u00e9 de la presse ;<\/li>\n\n\n\n<li>Accompagnement juridique des journalistes en difficult\u00e9s li\u00e9es \u00e0 laprofession ;<\/li>\n\n\n\n<li>Accompagnement des Organisations de la Soci\u00e9t\u00e9 Civile dans la mise en place des programmes m\u00e9dias et des plans de communication ;<\/li>\n\n\n\n<li>Renforcement des capacit\u00e9s des acteurs de la soci\u00e9t\u00e9 civile dans l\u2019approche m\u00e9dia.<\/li>\n<\/ul>\n\n\n\n<h2 class=\"wp-block-heading\">Participation de la SYMUF aux grands \u00e9v\u00e8nements de la Presse<\/h2>\n\n\n\n<ul class=\"wp-block-list\">\n<li>Participation au Congr\u00e8s National de la Presse du Congo, tenu \u00e0 Muanda, Congo Central,octobre 2020,<\/li>\n\n\n\n<li>Participation aux \u00e9tats g\u00e9n\u00e9raux de la Communication et m\u00e9dias organis\u00e9s par le Gouvernement Congolais \u00e0 Kinshasa, du 25 au 28 janvier 2022.<\/li>\n<\/ul>\n\n\n\n<p><\/p>\n","protected":false},"excerpt":{"rendered":"<p>SYMUF&#8230; ? La Synergie des M\u00e9dias Pour l\u2019Union des Forces (SYMUF-MAISON DE LA PRESSE), un r\u00e9seau des m\u00e9dias qui accompagne les m\u00e9dias, journalistes et Organisations de la Soci\u00e9t\u00e9 Civile au tour de la ligne \u00e9ditoriale d\u2019informer pour restaurer la paix sociale et promouvoir les droits humains. Cr\u00e9\u00e9e depuis le 07 juin 2011 \u00e0 l\u2019initiative d\u2019Aubert [&hellip;]<\/p>\n","protected":false},"author":1,"featured_media":0,"parent":0,"menu_order":0,"comment_status":"closed","ping_status":"closed","template":"","meta":{"footnotes":""},"class_list":["post-48","page","type-page","status-publish","hentry"],"_links":{"self":[{"href":"https:\/\/symuf.org\/index.php\/wp-json\/wp\/v2\/pages\/48","targetHints":{"allow":["GET"]}}],"collection":[{"href":"https:\/\/symuf.org\/index.php\/wp-json\/wp\/v2\/pages"}],"about":[{"href":"https:\/\/symuf.org\/index.php\/wp-json\/wp\/v2\/types\/page"}],"author":[{"embeddable":true,"href":"https:\/\/symuf.org\/index.php\/wp-json\/wp\/v2\/users\/1"}],"replies":[{"embeddable":true,"href":"https:\/\/symuf.org\/index.php\/wp-json\/wp\/v2\/comments?post=48"}],"version-history":[{"count":1,"href":"https:\/\/symuf.org\/index.php\/wp-json\/wp\/v2\/pages\/48\/revisions"}],"predecessor-version":[{"id":54,"href":"https:\/\/symuf.org\/index.php\/wp-json\/wp\/v2\/pages\/48\/revisions\/54"}],"wp:attachment":[{"href":"https:\/\/symuf.org\/index.php\/wp-json\/wp\/v2\/media?parent=48"}],"curies":[{"name":"wp","href":"https:\/\/api.w.org\/{rel}","templated":true}]}}

<h2 class="wp-block-heading">SYMUF&#8230; ?</h2>



<p>La Synergie des Médias Pour l’Union des Forces (SYMUF-MAISON DE LA PRESSE), un réseau des médias qui accompagne les médias, journalistes et Organisations de la Société Civile au tour de la ligne éditoriale d’informer pour restaurer la paix sociale et promouvoir les droits humains. Créée depuis le 07 juin 2011 à l’initiative d’<strong>Aubert MWIBAKECA</strong>, visionnaire, la SYMUF est en même temps une MAISON DE LA PRESSE au service de l’ensemble des membres des communautés.</p>



<p><strong>Avec pour vision :</strong></p>



<p>Un monde pacifié où toutes les catégories sociales jouissent pleinement de leurs droits grâce au travail de médias professionnels et sensibles&nbsp;aux&nbsp;conflits</p>



<figure class="wp-block-image size-large"><img loading="lazy" decoding="async" width="1080" height="608" src="https://symuf.org/wp-content/uploads/2026/04/Bureau-SYMUF-Uvira-edited.jpeg" alt="" class="wp-image-50" srcset="https://symuf.org/wp-content/uploads/2026/04/Bureau-SYMUF-Uvira-edited.jpeg 1080w, https://symuf.org/wp-content/uploads/2026/04/Bureau-SYMUF-Uvira-edited-300x169.jpeg 300w, https://symuf.org/wp-content/uploads/2026/04/Bureau-SYMUF-Uvira-edited-1024x576.jpeg 1024w, https://symuf.org/wp-content/uploads/2026/04/Bureau-SYMUF-Uvira-edited-768x432.jpeg 768w" sizes="auto, (max-width: 1080px) 100vw, 1080px" /><figcaption class="wp-element-caption">Bureau SYMUF Uvira &#8211; Rép. Dem. du Congo</figcaption></figure>



<h2 class="wp-block-heading">Rayon d&#8217;action</h2>



<p>Le rayon d’action de la SYMUF se situe en Afrique où ses actions se focalisent à l’Est de la RDC, au Burundi et au Malawi. Selon les besoins, elle peut aussi exercer des activités partout ailleurs en dehors du continent Africain.</p>



<p>Actuellement, la SYMUF agit :</p>



<p>En <strong>Rép. Dem. du Congo</strong> : à (1)Uvira, où se situe le siège; à (2)Bukavu et à (3)Baraka.</p>



<p>Au <strong>Malawi</strong> , Uganda et <strong>Burundi</strong>.</p>



<div class="wp-block-cover has-custom-content-position is-position-bottom-center"><img loading="lazy" decoding="async" width="1080" height="607" class="wp-block-cover__image-background wp-image-52" alt="" src="https://symuf.org/wp-content/uploads/2026/04/SYMUF-Kampala-2-edited.jpeg" data-object-fit="cover" srcset="https://symuf.org/wp-content/uploads/2026/04/SYMUF-Kampala-2-edited.jpeg 1080w, https://symuf.org/wp-content/uploads/2026/04/SYMUF-Kampala-2-edited-300x169.jpeg 300w, https://symuf.org/wp-content/uploads/2026/04/SYMUF-Kampala-2-edited-1024x576.jpeg 1024w, https://symuf.org/wp-content/uploads/2026/04/SYMUF-Kampala-2-edited-768x432.jpeg 768w" sizes="auto, (max-width: 1080px) 100vw, 1080px" /><span aria-hidden="true" class="wp-block-cover__background has-background-dim"></span><div class="wp-block-cover__inner-container is-layout-flow wp-block-cover-is-layout-flow">
<p class="has-text-align-center has-large-font-size"><mark style="background-color:rgba(0, 0, 0, 0)" class="has-inline-color has-cyan-bluish-gray-color">Débat entre étudiants à Kampala</mark></p>
</div></div>



<h2 class="wp-block-heading">Mission</h2>



<p>Accompagner les médias, journalistes et partenaires de la société civile à contribuer à la restauration d’une paix durable et à la promotion des droits humains.</p>



<h2 class="wp-block-heading">Objectifs institutionnels</h2>



<p>La SYMUF-MAISON DE LA PRESSE poursuit les objectifs suivants:<br>– Renforcer les capacités professionnelles des organes de presse, des journalistes ;<br>– Promouvoir la liberté d’expression et de la presse en défendant les médias et journalistes endifficultés inhérentes à la profession ;<br>– Servir d’un cadre d’accompagnement des ONGs de la société civile dans l’approche média etstratégie de communication ;<br>– Appuyer et accompagner les médias et les journalistes ;<br>– Promouvoir les activités ayant trait à la paix, au développement, à la bonne gouvernance etaux droits humains ;<br>– Promouvoir le dialogue entre différentes couches sociales pour une paix durable ;<br>– Servir de cadre de négociation et de facilitation entre les médias / journalistes et différentspartenaires locaux, régionaux et internationaux.</p>



<figure class="wp-block-image size-large"><img loading="lazy" decoding="async" width="1024" height="683" src="https://symuf.org/wp-content/uploads/2026/04/enligne-jour4-24-1-1024x683.jpg" alt="" class="wp-image-53" srcset="https://symuf.org/wp-content/uploads/2026/04/enligne-jour4-24-1-1024x683.jpg 1024w, https://symuf.org/wp-content/uploads/2026/04/enligne-jour4-24-1-300x200.jpg 300w, https://symuf.org/wp-content/uploads/2026/04/enligne-jour4-24-1-768x512.jpg 768w, https://symuf.org/wp-content/uploads/2026/04/enligne-jour4-24-1-1536x1024.jpg 1536w, https://symuf.org/wp-content/uploads/2026/04/enligne-jour4-24-1-2048x1365.jpg 2048w" sizes="auto, (max-width: 1024px) 100vw, 1024px" /></figure>



<h2 class="wp-block-heading">Domaines</h2>



<p>Paix &#8212; Droits humains &#8212; Leadership et bonne gouvernance &#8212; Communication</p>



<h2 class="wp-block-heading">Valeurs</h2>



<p>La SYMUF s’appuie sur les valeurs fondamentales ci-après :L’intégrité<strong><em>, </em></strong>la transparence<strong><em>, </em></strong>la tolérance et la non-violence.</p>



<h2 class="wp-block-heading">Groupe cible</h2>



<p>Les médias, journalistes, les <em>médias, </em><strong>ONGs</strong> de la Société civile et les communautés. <strong>Stratégies d’intervention :</strong> Travail en synergie, formation et information, Plaidoyer etlobbying, accompagnement, contacts, échange d’expérience<em>, </em>réunions.</p>



<h2 class="wp-block-heading">Les Membres</h2>



<p>Sont des personnes morales (médias) et physiques (journalistes) œuvrant autour de la ligne éditoriale d’informer pour restaurer la paix sociale et promouvoir les droits humains.18. Organes de la SYMUF : La SYMUF est composé de 4 organes à savoir : l’Assemblée Générale, le Conseil d’Administration, la Commission de contrôle et la Coordination. La Coordination est appuyée par 2 Départements qui comprennent à leur sein des services à savoir :<br>· <strong><em>Le Département de programmes : </em></strong>qui comprend les services de productions, de Rédaction, Service Genre, Centre de Formation et de Recherche pour les Médias (CFRM),le service de suivi-évaluation, le service de monitoring des cas d’atteinte à la liberté de la presse, et tous les bureaux de terrain.<br>·<em><strong> Le Département d’Administration et finances :</strong></em> qui comprend le service de Comptabilité et le service de logistique.</p>



<p>Pour renforcer au quotidien leur professionnalisme, les membres de la Coordination sont encouragés à être aussi actifs dans les organes de presse membres du réseau pendant les heures qui n’empêchent pas le bon déroulement de travail.</p>



<h2 class="wp-block-heading">Activités de la SYMUF &#8211; MAISON DE LA PRESSE</h2>



<ul class="wp-block-list">
<li>Formations / renforcement des capacités des journalistes et des acteurs de la société civile ;</li>



<li>Appui technique et financier aux médias et journalistes ;</li>



<li>Productions média en synergie (émissions publiques, tables rondes, reportages, magazine, spots, sketchs,édition du journal, films documentaires, etc.) sensibles au conflit, sur la bonne gouvernance, et d’autres thématiques ;</li>



<li>Offre de réseau sans fil (wifi) gratuit à tous les journalistes présents dans la zone ;</li>



<li>Un centre de Formation et de Recherche pour les médias (CFRM) pour des formations continues en journalisme, la navigation gratuite à l’internet pour tout journaliste œuvrant ou en séjour dans la zone ;</li>



<li>Journal hebdomadaire de la synergie ;</li>



<li>Tribune mensuelle de la SYMUF ;</li>



<li>Monitoring et reporting des cas d’atteinte à la liberté de la presse ;</li>



<li>Accompagnement juridique des journalistes en difficultés liées à laprofession ;</li>



<li>Accompagnement des Organisations de la Société Civile dans la mise en place des programmes médias et des plans de communication ;</li>



<li>Renforcement des capacités des acteurs de la société civile dans l’approche média.</li>
</ul>



<h2 class="wp-block-heading">Participation de la SYMUF aux grands évènements de la Presse</h2>



<ul class="wp-block-list">
<li>Participation au Congrès National de la Presse du Congo, tenu à Muanda, Congo Central,octobre 2020,</li>



<li>Participation aux états généraux de la Communication et médias organisés par le Gouvernement Congolais à Kinshasa, du 25 au 28 janvier 2022.</li>
</ul>



<p></p>

<p>SYMUF&#8230; ? La Synergie des Médias Pour l’Union des Forces (SYMUF-MAISON DE LA PRESSE), un réseau des médias qui accompagne les médias, journalistes et Organisations de la Société Civile au tour de la ligne éditoriale d’informer pour restaurer la paix sociale et promouvoir les droits humains. Créée depuis le 07 juin 2011 à l’initiative d’Aubert [&hellip;]</p>
